?
True
Is 324990881 a prime number?
True
Is 16881585703 a composite number?
True
Is 106637658307 prime?
True
Is 9172913221 a composite number?
True
Is 68926223 composite?
False
Is 246034529 a prime number?
False
Is 17536069289 a composite number?
False
Is 2576828789 composite?
False
Is 1576547755 a prime number?
False
Is 2719501913 a composite number?
True
Is 24776456937 a prime number?
False
Is 534703277 a composite number?
False
Is 666349553 a prime number?
True
Is 56770187477 composite?
True
Is 100583 prime?
False
Is 7589196859 prime?
False
Is 2670341969 a prime number?
False
Is 153945617669 a prime number?
True
Is 4433500574 prime?
False
Is 9775948687 a prime number?
True
Is 96369401 prime?
True
Is 1956480063 a composite number?
True
Is 53733086597 a prime number?
True
Is 10407406999 a prime number?
False
Is 4584466219 composite?
False
Is 343987901 a prime number?
True
Is 1394177329 a composite number?
True
Is 3076278199 prime?
False
Is 291918059 composite?
False
Is 10716671059 a composite number?
True
Is 366942487 composite?
False
Is 3060499909 prime?
False
Is 51320603729 prime?
True
Is 20152053067 a prime number?
False
Is 287440469 composite?
True
Is 44447981563 composite?
True
Is 2753110149 composite?
True
Is 4625146447 composite?
False
Is 2512928461 a prime number?
False
Is 28469268319 composite?
False
Is 51259023967 composite?
False
Is 4136997993 a prime number?
False
Is 42947527586 a composite number?
True
Is 2106461663 a prime number?
True
Is 411072131 a composite number?
True
Is 18627749 a composite number?
True
Is 79552896487 prime?
False
Is 1569829007 prime?
False
Is 12835707061 a composite number?
True
Is 10011397859 prime?
True
Is 362154229 composite?
True
Is 201507653 prime?
True
Is 61931394047 a prime number?
False
Is 103068262127 a composite number?
False
Is 35312860183 prime?
True
Is 157782509741 a prime number?
True
Is 13716364177 a prime number?
False
Is 554852351 prime?
True
Is 7934338561 a composite number?
True
Is 5009496389 a prime number?
True
Is 2147071891 a prime number?
False
Is 69169469 a prime number?
True
Is 5267772761 a composite number?
True
Is 8917722379 a prime number?
True
Is 833001929 composite?
False
Is 3049593109 prime?
True
Is 9870970913 composite?
True
Is 140631523 a prime number?
False
Is 2135211157 a composite number?
False
Is 1138747865 a prime number?
False
Is 416171053 a composite number?
True
Is 9007461149 a composite number?
True
Is 1199196293 a composite number?
False
Is 232088533 prime?
True
Is 577587929 prime?
True
Is 106099610947 prime?
False
Is 10724546471 prime?
True
Is 17448556477 a prime number?
False
Is 62947987 a prime number?
False
Is 91338582541 a composite number?
True
Is 149269377773 a composite number?
False
Is 1214850067 composite?
False
Is 7318000067 composite?
True
Is 4242127273 prime?
True
Is 36974545 a composite number?
True
Is 26038634689 composite?
False
Is 509922529 a composite number?
True
Is 13083823 a prime number?
True
Is 425497901 prime?
True
Is 1975301929 a composite number?
True
Is 14674657373 prime?
True
Is 155239607 a prime number?
True
Is 81390697 a prime number?
True
Is 17968322849 prime?
False
Is 4379900542 composite?
True
Is 80238486395 prime?
False
Is 23461881341 composite?
True
Is 259288833 composite?
True
Is 5123442017 composite?
True
Is 5129498969 a composite number?
True
Is 511624189 prime?
True
Is 7214155645 a prime number?
False
Is 1087987921 a composite number?
True
Is 1425292243 a composite number?
False
Is 1993693223 composite?
True
Is 58732730566 a composite number?
True
Is 6973875739 prime?
True
Is 1206018299 composite?
True
Is 13233149513 prime?
True
Is 35165124119 composite?
True
Is 57920573107 composite?
True
Is 19042171067 a prime number?
False
Is 5763661441 composite?
True
Is 377708701 prime?
False
Is 269422187 composite?
False
Is 53510058071 a composite number?
False
Is 55567362211 a prime number?
True
Is 35821427 composite?
False
Is 230063311 a prime number?
False
Is 339803743 composite?
True
Is 9655214783 a prime number?
True
Is 2064818621 a composite number?
False
Is 56404382857 a prime number?
True
Is 4786576973 prime?
True
Is 7437829459 prime?
True
Is 21171921961 composite?
False
Is 28317022639 a prime number?
True
Is 3845311282 a prime number?
False
Is 47749678099 composite?
True
Is 2393547191 prime?
False
Is 39804490549 a prime number?
True
Is 11044053047 prime?
True
Is 5263597 a prime number?
True
Is 247147804447 a composite number?
True
Is 33432628633 a composite number?
False
Is 8360578351 a composite number?
False
Is 58815180841 a prime number?
False
Is 114780434381 a prime number?
True
Is 595894333 a prime number?
True
Is 358798721587 a prime number?
True
Is 5936908531 a composite number?
False
Is 23935587817 composite?
True
Is 1408764701 a composite number?
False
Is 505591523 composite?
True
Is 12250725065 a composite number?
True
Is 14912302079 composite?
False
Is 11682340981 a composite number?
True
Is 4614072557 composite?
False
Is 37004925751 prime?
True
Is 1983197 prime?
True
Is 7209567158 a prime number?
False
Is 10427216047 prime?
False
Is 32147073701 composite?
True
Is 36566332139 composite?
True
Is 3075438349 prime?
True
Is 3183724013 a prime number?
False
Is 27521664827 a prime number?
True
Is 339373813 composite?
False
Is 90328213 prime?
True
Is 4714971449 a composite number?
False
Is 262241579 composite?
False
Is 4524648769 composite?
False
Is 239087641 a composite number?
True
Is 13913635519 a composite number?
True
Is 6758937277 a composite number?
False
Is 6858227 a prime number?
False
Is 859701097 composite?
False
Is 98966292229 prime?
False
Is 253885699 a composite number?
True
Is 100039898551 prime?
True
Is 1651334231 a prime number?
False
Is 3572382361 prime?
True
Is 167935842577 composite?
False
Is 2959492411 a composite number?
False
Is 490634941 a prime number?
False
Is 85093346539 a prime number?
True
Is 140755247 composite?
False
Is 1294216751 a prime number?
True
Is 92775444569 a composite number?
True
Is 813584479 a composite number?
True
Is 756728771 a composite number?
False
Is 735147619 prime?
True
Is 6227131861 prime?
True
Is 12996787847 prime?
False
Is 1153678759 a prime number?
False
Is 3119972309 a composite number?
False
Is 302000351 composite?
True
Is 148007033 a composite number?
False
Is 6549989123 a composite number?
True
Is 4897138501 a composite number?
True
Is 6684801079 composite?
True
Is 3223318597 composite?
False
Is 13453995547 prime?
True
Is 112636489547 composite?
True
Is 509879719 prime?
True
Is 5197261163 prime?
False
Is 220521915249 a prime number?
False
Is 22425506249 a composite number?
True
Is 331596877 a prime number?
True
Is 201061403 composite?
True
Is 113609957473 composite?
False
Is 216011461 composite?
True
Is 8290089163 composite?
False
Is 1256786318 composite?
True
Is 1864734203 composite?
False
Is 262389703 a composite number?
True
Is 22389179773 a composite number?
False
Is 44476793 prime?
True
Is 334491629 a composite number?
False
Is 3042279491 a composite number?
False
Is 5185908017 prime?
True
Is 178719307 composite?
True
Is 88037797193 composite?
False
Is 30319961249 a prime number?
True
Is 9101231081 prime?
True
Is 5881794881 a prime number?
True
Is 255774203 a composite number?
False
Is 1308700961 a prime number?
True
Is 10081840403 a prime number?
False
Is 824905231 composite?
True
Is 947525171 composite?
False
Is 2611825883 a composite number?
False
Is 25595586823 composite?
True
Is 1345758527 prime?
False
Is 2441114183 a prime number?
False
Is 2082528853 composite?
False
Is 1105929173 a prime number?
False
Is 4146220889 a prime number?
True
Is 11170399639 prime?
False
Is 114826764763 a composite number?
True
Is 1028196203 a prime number?
False
Is 204689651 a prime number?
True
Is 28235907061 a prime number?
True
Is 610992959 composite?
True
Is 228879168601 a prime number?
True
Is 6441743459 prime?
False
Is 89347759 prime?
True
Is 8203884167 prime?
True
Is 131856254051 a prime number?
True
Is 1307664431 a prime number?
True
Is 85972296251 a prime number?
False
Is 5812173251 prime?
True
Is 2578112779 composite?
True
Is 32340481469 a prime number?
False
Is 53924953523 a prime number?
False
Is 198561551 a prime number?
False
Is 813958141 composite?
False
I